Last updated on 2024-07-27 01:53:12 CEST.
Flavor | Version | Tinstall | Tcheck | Ttotal | Status | Flags |
---|---|---|---|---|---|---|
r-devel-linux-x86_64-debian-clang | 0.2.0 | 73.12 | 193.19 | 266.31 | OK | |
r-devel-linux-x86_64-debian-gcc | 0.2.0 | 53.63 | 153.47 | 207.10 | OK | |
r-devel-linux-x86_64-fedora-clang | 0.2.0 | 350.37 | OK | |||
r-devel-linux-x86_64-fedora-gcc | 0.2.0 | 370.32 | OK | |||
r-devel-windows-x86_64 | 0.2.0 | 55.00 | 187.00 | 242.00 | OK | |
r-patched-linux-x86_64 | 0.2.0 | OK | ||||
r-release-linux-x86_64 | 0.2.0 | 68.60 | 190.78 | 259.38 | OK | |
r-release-macos-arm64 | 0.2.0 | 111.00 | NOTE | |||
r-release-macos-x86_64 | 0.2.0 | 153.00 | NOTE | |||
r-release-windows-x86_64 | 0.2.0 | 59.00 | 185.00 | 244.00 | OK | |
r-oldrel-macos-arm64 | 0.2.0 | 115.00 | NOTE | |||
r-oldrel-macos-x86_64 | 0.2.0 | 232.00 | NOTE | |||
r-oldrel-windows-x86_64 | 0.2.0 | 68.00 | 233.00 | 301.00 | OK |
Version: 0.2.0
Check: installed package size
Result: NOTE
installed size is 25.8Mb
sub-directories of 1Mb or more:
doc 2.0Mb
libs 22.2Mb
Flavors: r-release-macos-arm64, r-release-macos-x86_64, r-oldrel-macos-arm64, r-oldrel-macos-x86_64