CRAN Package Check Results for Package gamRR

Last updated on 2025-05-04 02:50:06 CEST.

Flavor Version Tinstall Tcheck Ttotal Status Flags
r-devel-linux-x86_64-debian-clang 0.7.0 6.10 51.38 57.48 NOTE
r-devel-linux-x86_64-debian-gcc 0.7.0 5.03 39.61 44.64 NOTE
r-devel-linux-x86_64-fedora-clang 0.7.0 92.08 OK
r-devel-linux-x86_64-fedora-gcc 0.7.0 82.98 OK
r-devel-windows-x86_64 0.7.0 7.00 70.00 77.00 OK
r-patched-linux-x86_64 0.7.0 4.99 48.41 53.40 OK
r-release-linux-x86_64 OK
r-release-macos-arm64 0.7.0 29.00 OK
r-release-macos-x86_64 0.7.0 55.00 OK
r-release-windows-x86_64 0.7.0 7.00 64.00 71.00 OK
r-oldrel-macos-arm64 0.7.0 27.00 NOTE
r-oldrel-macos-x86_64 0.7.0 44.00 NOTE
r-oldrel-windows-x86_64 0.7.0 9.00 76.00 85.00 NOTE

Check Details

Version: 0.7.0
Check: CRAN incoming feasibility
Result: NOTE Maintainer: ‘Zhicheng Du<dgdzc@hotmail.com>’ No Authors@R field in DESCRIPTION. Please add one, modifying Authors@R: c(person(given = "Zhicheng", family = "Du", role = c("aut", "cre"), email = "dgdzc@hotmail.com"), person(given = "Wangjian", family = "Zhang", role = "aut"), person(given = "Yuantao", family = "Hao", role = "aut")) as necessary. Flavors: r-devel-linux-x86_64-debian-clang, r-devel-linux-x86_64-debian-gcc

Version: 0.7.0
Check: LazyData
Result: NOTE 'LazyData' is specified without a 'data' directory Flavors: r-oldrel-macos-arm64, r-oldrel-macos-x86_64, r-oldrel-windows-x86_64