Last updated on 2024-07-27 01:53:12 CEST.
Flavor | Version | Tinstall | Tcheck | Ttotal | Status | Flags |
---|---|---|---|---|---|---|
r-devel-linux-x86_64-debian-clang | 5.4-22 | 33.02 | 238.98 | 272.00 | OK | |
r-devel-linux-x86_64-debian-gcc | 5.4-22 | 26.93 | 169.56 | 196.49 | NOTE | |
r-devel-linux-x86_64-fedora-clang | 5.4-22 | 349.92 | OK | |||
r-devel-linux-x86_64-fedora-gcc | 5.4-22 | 313.47 | OK | |||
r-devel-windows-x86_64 | 5.4-22 | 29.00 | 187.00 | 216.00 | NOTE | |
r-patched-linux-x86_64 | 5.4-22 | OK | ||||
r-release-linux-x86_64 | 5.4-22 | 26.79 | 233.74 | 260.53 | OK | |
r-release-macos-arm64 | 5.4-22 | 78.00 | OK | |||
r-release-macos-x86_64 | 5.4-22 | 192.00 | OK | |||
r-release-windows-x86_64 | 5.4-22 | 29.00 | 187.00 | 216.00 | OK | |
r-oldrel-macos-arm64 | 5.4-22 | 86.00 | OK | |||
r-oldrel-macos-x86_64 | 5.4-22 | 251.00 | OK | |||
r-oldrel-windows-x86_64 | 5.4-22 | 38.00 | 232.00 | 270.00 | OK |
Version: 5.4-22
Check: Rd cross-references
Result: NOTE
Found the following Rd file(s) with Rd \link{} targets missing package
anchors:
LR.test.Rd: dropterm
gamlss.ps.Rd: ridge
Please provide package anchors for all Rd \link{} targets not in the
package itself and the base packages.
Flavors: r-devel-linux-x86_64-debian-gcc, r-devel-windows-x86_64