Last updated on 2024-07-27 01:53:12 CEST.
Flavor | Version | Tinstall | Tcheck | Ttotal | Status | Flags |
---|---|---|---|---|---|---|
r-devel-linux-x86_64-debian-clang | 0.2-6 | 7.22 | 86.75 | 93.97 | OK | |
r-devel-linux-x86_64-debian-gcc | 0.2-6 | 5.64 | 65.59 | 71.23 | NOTE | |
r-devel-linux-x86_64-fedora-clang | 0.2-6 | 128.07 | OK | |||
r-devel-linux-x86_64-fedora-gcc | 0.2-6 | 115.23 | OK | |||
r-devel-windows-x86_64 | 0.2-6 | 9.00 | 84.00 | 93.00 | NOTE | |
r-patched-linux-x86_64 | 0.2-6 | OK | ||||
r-release-linux-x86_64 | 0.2-6 | 10.22 | 84.21 | 94.43 | OK | |
r-release-macos-arm64 | 0.2-6 | 38.00 | OK | |||
r-release-macos-x86_64 | 0.2-6 | 55.00 | OK | |||
r-release-windows-x86_64 | 0.2-6 | 8.00 | 83.00 | 91.00 | OK | |
r-oldrel-macos-arm64 | 0.2-6 | 46.00 | OK | |||
r-oldrel-macos-x86_64 | 0.2-6 | 63.00 | OK | |||
r-oldrel-windows-x86_64 | 0.2-6 | 12.00 | 96.00 | 108.00 | OK |
Version: 0.2-6
Check: Rd cross-references
Result: NOTE
Found the following Rd file(s) with Rd \link{} targets missing package
anchors:
gamm4.Rd: lmer, glmer, lmerControl, glmerControl
Please provide package anchors for all Rd \link{} targets not in the
package itself and the base packages.
Flavors: r-devel-linux-x86_64-debian-gcc, r-devel-windows-x86_64