Last updated on 2024-07-27 01:53:12 CEST.
Flavor | Version | Tinstall | Tcheck | Ttotal | Status | Flags |
---|---|---|---|---|---|---|
r-devel-linux-x86_64-debian-clang | 0.3 | 43.21 | 95.03 | 138.24 | NOTE | |
r-devel-linux-x86_64-debian-gcc | 0.3 | 28.70 | 69.74 | 98.44 | NOTE | |
r-devel-linux-x86_64-fedora-clang | 0.3 | 192.30 | NOTE | |||
r-devel-linux-x86_64-fedora-gcc | 0.3 | 167.03 | NOTE | |||
r-devel-windows-x86_64 | 0.3 | 38.00 | 99.00 | 137.00 | NOTE | |
r-patched-linux-x86_64 | 0.3 | NOTE | ||||
r-release-linux-x86_64 | 0.3 | 27.03 | 86.37 | 113.40 | NOTE | |
r-release-macos-arm64 | 0.3 | 49.00 | NOTE | |||
r-release-macos-x86_64 | 0.3 | 92.00 | NOTE | |||
r-release-windows-x86_64 | 0.3 | 41.00 | 98.00 | 139.00 | NOTE | |
r-oldrel-macos-arm64 | 0.3 | 54.00 | NOTE | |||
r-oldrel-macos-x86_64 | 0.3 | 85.00 | NOTE | |||
r-oldrel-windows-x86_64 | 0.3 | 46.00 | 117.00 | 163.00 | NOTE |
Version: 0.3
Check: LazyData
Result: NOTE
'LazyData' is specified without a 'data' directory
Flavors: r-devel-linux-x86_64-debian-clang, r-devel-linux-x86_64-debian-gcc, r-devel-linux-x86_64-fedora-clang, r-devel-linux-x86_64-fedora-gcc, r-devel-windows-x86_64, r-patched-linux-x86_64, r-release-linux-x86_64, r-release-macos-arm64, r-release-macos-x86_64, r-release-windows-x86_64, r-oldrel-macos-arm64, r-oldrel-macos-x86_64, r-oldrel-windows-x86_64