Last updated on 2024-07-27 01:53:12 CEST.
Flavor | Version | Tinstall | Tcheck | Ttotal | Status | Flags |
---|---|---|---|---|---|---|
r-devel-linux-x86_64-debian-clang | 1.1.7 | 54.75 | 78.24 | 132.99 | OK | |
r-devel-linux-x86_64-debian-gcc | 1.1.7 | 56.57 | 57.38 | 113.95 | OK | |
r-devel-linux-x86_64-fedora-clang | 1.1.7 | 181.98 | OK | |||
r-devel-linux-x86_64-fedora-gcc | 1.1.7 | 211.75 | OK | |||
r-devel-windows-x86_64 | 1.1.6 | 55.00 | 97.00 | 152.00 | OK | |
r-patched-linux-x86_64 | 1.1.7 | OK | ||||
r-release-linux-x86_64 | 1.1.6 | 67.50 | 71.93 | 139.43 | OK | |
r-release-macos-arm64 | 1.1.7 | 53.00 | NOTE | |||
r-release-macos-x86_64 | 1.1.7 | 152.00 | OK | |||
r-release-windows-x86_64 | 1.1.7 | 61.00 | 101.00 | 162.00 | OK | |
r-oldrel-macos-arm64 | 1.1.7 | 59.00 | NOTE | |||
r-oldrel-macos-x86_64 | 1.1.7 | 127.00 | OK | |||
r-oldrel-windows-x86_64 | 1.1.7 | 69.00 | 113.00 | 182.00 | OK |
Version: 1.1.7
Check: installed package size
Result: NOTE
installed size is 5.1Mb
sub-directories of 1Mb or more:
libs 4.5Mb
Flavors: r-release-macos-arm64, r-oldrel-macos-arm64