Last updated on 2025-11-20 02:49:15 CET.
| Flavor | Version | Tinstall | Tcheck | Ttotal | Status | Flags |
|---|---|---|---|---|---|---|
| r-devel-linux-x86_64-debian-clang | 0.0.1 | 2.93 | 38.65 | 41.58 | OK | |
| r-devel-linux-x86_64-debian-gcc | 0.0.1 | 2.92 | 31.26 | 34.18 | OK | |
| r-devel-linux-x86_64-fedora-clang | 0.0.1 | 64.14 | OK | |||
| r-devel-linux-x86_64-fedora-gcc | 0.0.1 | 73.25 | OK | |||
| r-devel-windows-x86_64 | 0.0.1 | 6.00 | 60.00 | 66.00 | OK | |
| r-patched-linux-x86_64 | 0.0.1 | 2.51 | 35.86 | 38.37 | OK | |
| r-release-linux-x86_64 | 0.0.1 | 3.02 | 36.14 | 39.16 | OK | |
| r-release-macos-arm64 | 0.0.1 | OK | ||||
| r-release-macos-x86_64 | 0.0.1 | 4.00 | 74.00 | 78.00 | OK | |
| r-release-windows-x86_64 | 0.0.1 | 6.00 | 60.00 | 66.00 | OK | |
| r-oldrel-macos-arm64 | 0.0.1 | NOTE | ||||
| r-oldrel-macos-x86_64 | 0.0.1 | 3.00 | 41.00 | 44.00 | NOTE | |
| r-oldrel-windows-x86_64 | 0.0.1 | 7.00 | 67.00 | 74.00 | NOTE |
Version: 0.0.1
Check: LazyData
Result: NOTE
'LazyData' is specified without a 'data' directory
Flavors: r-oldrel-macos-arm64, r-oldrel-macos-x86_64, r-oldrel-windows-x86_64