Last updated on 2025-05-07 01:49:57 CEST.
Flavor | Version | Tinstall | Tcheck | Ttotal | Status | Flags |
---|---|---|---|---|---|---|
r-devel-linux-x86_64-debian-clang | 0.0.2 | 1.47 | 15.97 | 17.44 | NOTE | |
r-devel-linux-x86_64-debian-gcc | 0.0.2 | 1.23 | 13.70 | 14.93 | NOTE | |
r-devel-linux-x86_64-fedora-clang | 0.0.2 | 28.25 | OK | |||
r-devel-linux-x86_64-fedora-gcc | 0.0.2 | 25.80 | OK | |||
r-devel-windows-x86_64 | 0.0.2 | 3.00 | 33.00 | 36.00 | OK | |
r-patched-linux-x86_64 | 0.0.2 | 1.50 | 15.04 | 16.54 | OK | |
r-release-linux-x86_64 | 0.0.2 | 1.47 | 15.18 | 16.65 | OK | |
r-release-macos-arm64 | 0.0.2 | 15.00 | OK | |||
r-release-macos-x86_64 | 0.0.2 | 22.00 | OK | |||
r-release-windows-x86_64 | 0.0.2 | 2.00 | 36.00 | 38.00 | OK | |
r-oldrel-macos-arm64 | 0.0.2 | 13.00 | OK | |||
r-oldrel-macos-x86_64 | 0.0.2 | 19.00 | OK | |||
r-oldrel-windows-x86_64 | 0.0.2 | 2.00 | 33.00 | 35.00 | OK |
Version: 0.0.2
Check: CRAN incoming feasibility
Result: NOTE
Maintainer: ‘Dirk Eddelbuettel <edd@debian.org>’
No Authors@R field in DESCRIPTION.
Please add one, modifying
Authors@R: person(given = "Dirk",
family = "Eddelbuettel",
role = c("aut", "cre"),
email = "edd@debian.org")
as necessary.
Flavors: r-devel-linux-x86_64-debian-clang, r-devel-linux-x86_64-debian-gcc