CRAN Package Check Results for Package gb

Last updated on 2025-11-13 01:50:21 CET.

Flavor Version Tinstall Tcheck Ttotal Status Flags
r-devel-linux-x86_64-debian-clang 2.3.3 4.46 25.79 30.25 NOTE
r-devel-linux-x86_64-debian-gcc 2.3.3 3.35 21.13 24.48 NOTE
r-devel-linux-x86_64-fedora-clang 2.3.3 15.00 32.15 47.15 NOTE
r-devel-linux-x86_64-fedora-gcc 2.3.3 10.00 32.95 42.95 NOTE
r-devel-windows-x86_64 2.3.3 10.00 56.00 66.00 NOTE
r-patched-linux-x86_64 2.3.3 3.88 24.73 28.61 NOTE
r-release-linux-x86_64 2.3.3 3.87 24.74 28.61 NOTE
r-release-macos-arm64 2.3.3 3.00 18.00 21.00 NOTE
r-release-macos-x86_64 2.3.3 5.00 28.00 33.00 NOTE
r-release-windows-x86_64 2.3.3 9.00 54.00 63.00 NOTE
r-oldrel-macos-arm64 2.3.3 3.00 17.00 20.00 NOTE
r-oldrel-macos-x86_64 2.3.3 4.00 24.00 28.00 NOTE
r-oldrel-windows-x86_64 2.3.3 8.00 59.00 67.00 NOTE

Check Details

Version: 2.3.3
Check: CRAN incoming feasibility
Result: NOTE Maintainer: ‘Bin Wang <bwang@southalabama.edu>’ No Authors@R field in DESCRIPTION. Please add one, modifying Authors@R: c(person(given = "Bin", family = "Wang.", role = "aut", email = "bwang@southalabama.edu"), person(given = "Bin", family = "Wang", role = "cre", email = "bwang@southalabama.edu")) as necessary. Flavors: r-devel-linux-x86_64-debian-clang, r-devel-linux-x86_64-debian-gcc

Version: 2.3.3
Check: Rd files
Result: NOTE checkRd: (-1) fitgbd.Rd:29: Escaped LaTeX specials: \& checkRd: (-1) fitgld.Rd:30: Escaped LaTeX specials: \& checkRd: (-1) gb.Rd:28: Escaped LaTeX specials: \& checkRd: (-1) gbd.Rd:37: Escaped LaTeX specials: \& checkRd: (-1) gld.Rd:36: Escaped LaTeX specials: \& Flavors: r-devel-linux-x86_64-debian-clang, r-devel-linux-x86_64-debian-gcc, r-devel-linux-x86_64-fedora-clang, r-devel-linux-x86_64-fedora-gcc, r-devel-windows-x86_64, r-patched-linux-x86_64, r-release-linux-x86_64, r-release-macos-arm64, r-release-macos-x86_64, r-release-windows-x86_64, r-oldrel-macos-arm64, r-oldrel-macos-x86_64, r-oldrel-windows-x86_64