Last updated on 2025-02-10 02:49:52 CET.
Flavor | Version | Tinstall | Tcheck | Ttotal | Status | Flags |
---|---|---|---|---|---|---|
r-devel-linux-x86_64-debian-clang | 0.3.2 | 5.23 | 33.65 | 38.88 | NOTE | |
r-devel-linux-x86_64-debian-gcc | 0.3.2 | 4.27 | 24.10 | 28.37 | NOTE | |
r-devel-linux-x86_64-fedora-clang | 0.3.2 | 66.74 | NOTE | |||
r-devel-linux-x86_64-fedora-gcc | 0.3.2 | 60.48 | NOTE | |||
r-devel-windows-x86_64 | 0.3.2 | 6.00 | 53.00 | 59.00 | NOTE | |
r-patched-linux-x86_64 | 0.3.2 | 4.65 | 31.87 | 36.52 | NOTE | |
r-release-linux-x86_64 | 0.3.2 | 5.32 | 31.82 | 37.14 | NOTE | |
r-release-macos-arm64 | 0.3.2 | 19.00 | NOTE | |||
r-release-macos-x86_64 | 0.3.2 | 31.00 | NOTE | |||
r-release-windows-x86_64 | 0.3.2 | 7.00 | 54.00 | 61.00 | NOTE | |
r-oldrel-macos-arm64 | 0.3.2 | 20.00 | OK | |||
r-oldrel-macos-x86_64 | 0.3.2 | 29.00 | OK | |||
r-oldrel-windows-x86_64 | 0.3.2 | 6.00 | 56.00 | 62.00 | OK |
Version: 0.3.2
Check: Rd files
Result: NOTE
checkRd: (-1) gconsensus.Rd:48-54: Lost braces
48 | {\code{display.signif.digits} an integer representing the number of significant digits to be obtained in the adaptative approach of the Monte Carlo simulation,
| ^
Flavors: r-devel-linux-x86_64-debian-clang, r-devel-linux-x86_64-debian-gcc, r-devel-linux-x86_64-fedora-clang, r-devel-linux-x86_64-fedora-gcc, r-devel-windows-x86_64, r-patched-linux-x86_64, r-release-linux-x86_64, r-release-macos-arm64, r-release-macos-x86_64, r-release-windows-x86_64