Last updated on 2025-05-06 02:50:19 CEST.
Flavor | Version | Tinstall | Tcheck | Ttotal | Status | Flags |
---|---|---|---|---|---|---|
r-devel-linux-x86_64-debian-clang | 0.10.1 | 7.60 | 61.50 | 69.10 | NOTE | |
r-devel-linux-x86_64-debian-gcc | 0.10.1 | 4.86 | 46.31 | 51.17 | NOTE | |
r-devel-linux-x86_64-fedora-clang | 0.10.1 | 105.41 | OK | |||
r-devel-linux-x86_64-fedora-gcc | 0.10.1 | 103.34 | OK | |||
r-devel-windows-x86_64 | 0.10.1 | 7.00 | 76.00 | 83.00 | OK | |
r-patched-linux-x86_64 | 0.10.1 | 6.60 | 59.39 | 65.99 | OK | |
r-release-linux-x86_64 | 0.10.1 | 6.89 | 59.10 | 65.99 | OK | |
r-release-macos-arm64 | 0.10.1 | 41.00 | OK | |||
r-release-macos-x86_64 | 0.10.1 | 63.00 | OK | |||
r-release-windows-x86_64 | 0.10.1 | 7.00 | 74.00 | 81.00 | OK | |
r-oldrel-macos-arm64 | 0.10.1 | 32.00 | OK | |||
r-oldrel-macos-x86_64 | 0.10.1 | 53.00 | OK | |||
r-oldrel-windows-x86_64 | 0.10.1 | 10.00 | 90.00 | 100.00 | OK |
Version: 0.10.1
Check: CRAN incoming feasibility
Result: NOTE
Maintainer: ‘Lee McDaniel <lmcda4@lsuhsc.edu>’
Package CITATION file contains call(s) to old-style personList() or
as.personList(). Please use c() on person objects instead.
Package CITATION file contains call(s) to old-style citEntry(). Please
use bibentry() instead.
Flavors: r-devel-linux-x86_64-debian-clang, r-devel-linux-x86_64-debian-gcc