Last updated on 2025-05-19 01:49:54 CEST.
Flavor | Version | Tinstall | Tcheck | Ttotal | Status | Flags |
---|---|---|---|---|---|---|
r-devel-linux-x86_64-debian-clang | 0.1.0 | 18.63 | 28.86 | 47.49 | NOTE | |
r-devel-linux-x86_64-debian-gcc | 0.1.0 | 11.76 | 22.93 | 34.69 | NOTE | |
r-devel-linux-x86_64-fedora-clang | 0.1.0 | 87.52 | NOTE | |||
r-devel-linux-x86_64-fedora-gcc | 0.1.0 | 80.21 | NOTE | |||
r-devel-windows-x86_64 | 0.1.0 | 24.00 | 79.00 | 103.00 | NOTE | |
r-patched-linux-x86_64 | 0.1.0 | 18.16 | 28.23 | 46.39 | NOTE | |
r-release-linux-x86_64 | 0.1.0 | 16.82 | 28.04 | 44.86 | NOTE | |
r-release-macos-arm64 | 0.1.0 | 27.00 | NOTE | |||
r-release-macos-x86_64 | 0.1.0 | 42.00 | NOTE | |||
r-release-windows-x86_64 | 0.1.0 | 22.00 | 85.00 | 107.00 | NOTE | |
r-oldrel-macos-arm64 | 0.1.0 | 25.00 | NOTE | |||
r-oldrel-macos-x86_64 | 0.1.0 | 37.00 | NOTE | |||
r-oldrel-windows-x86_64 | 0.1.0 | 27.00 | 81.00 | 108.00 | NOTE |
Version: 0.1.0
Check: C++ specification
Result: NOTE
Specified C++11: please drop specification unless essential
Flavors: r-devel-linux-x86_64-debian-clang, r-devel-linux-x86_64-debian-gcc, r-devel-linux-x86_64-fedora-clang, r-devel-linux-x86_64-fedora-gcc, r-devel-windows-x86_64, r-patched-linux-x86_64, r-release-linux-x86_64, r-release-macos-arm64, r-release-macos-x86_64, r-release-windows-x86_64, r-oldrel-macos-arm64, r-oldrel-macos-x86_64, r-oldrel-windows-x86_64