Last updated on 2024-07-27 01:53:12 CEST.
Flavor | Version | Tinstall | Tcheck | Ttotal | Status | Flags |
---|---|---|---|---|---|---|
r-devel-linux-x86_64-debian-clang | 0.4.7 | 40.06 | 66.56 | 106.62 | NOTE | |
r-devel-linux-x86_64-debian-gcc | 0.4.7 | 26.78 | 50.44 | 77.22 | NOTE | |
r-devel-linux-x86_64-fedora-clang | 0.4.7 | 143.04 | NOTE | |||
r-devel-linux-x86_64-fedora-gcc | 0.4.7 | 152.84 | NOTE | |||
r-devel-windows-x86_64 | 0.4.7 | 40.00 | 99.00 | 139.00 | NOTE | |
r-patched-linux-x86_64 | 0.4.7 | NOTE | ||||
r-release-linux-x86_64 | 0.4.7 | 34.86 | 63.04 | 97.90 | NOTE | |
r-release-macos-arm64 | 0.4.7 | 44.00 | OK | |||
r-release-macos-x86_64 | 0.4.7 | 62.00 | OK | |||
r-release-windows-x86_64 | 0.4.7 | 47.00 | 102.00 | 149.00 | NOTE | |
r-oldrel-macos-arm64 | 0.4.7 | 49.00 | OK | |||
r-oldrel-macos-x86_64 | 0.4.7 | 79.00 | OK | |||
r-oldrel-windows-x86_64 | 0.4.7 | 42.00 | 112.00 | 154.00 | OK |
Version: 0.4.7
Check: HTML version of manual
Result: NOTE
Found the following HTML validation problems:
extprod3d.html:24:32 (extprod3d.Rd:24): Warning: trimming empty <code>
extprod3d.html:29:32 (extprod3d.Rd:27): Warning: trimming empty <code>
Flavors: r-devel-linux-x86_64-debian-clang, r-devel-linux-x86_64-debian-gcc, r-devel-linux-x86_64-fedora-clang, r-devel-linux-x86_64-fedora-gcc, r-devel-windows-x86_64, r-patched-linux-x86_64, r-release-linux-x86_64, r-release-windows-x86_64