Last updated on 2024-07-27 01:53:12 CEST.
Flavor | Version | Tinstall | Tcheck | Ttotal | Status | Flags |
---|---|---|---|---|---|---|
r-devel-linux-x86_64-debian-clang | 0.7-2 | 28.51 | 227.77 | 256.28 | OK | |
r-devel-linux-x86_64-debian-gcc | 0.7-2 | 26.09 | 163.09 | 189.18 | NOTE | |
r-devel-linux-x86_64-fedora-clang | 0.7-2 | 339.53 | OK | |||
r-devel-linux-x86_64-fedora-gcc | 0.7-2 | 322.03 | OK | |||
r-devel-windows-x86_64 | 0.7-2 | 31.00 | 193.00 | 224.00 | NOTE | |
r-patched-linux-x86_64 | 0.7-2 | OK | ||||
r-release-linux-x86_64 | 0.7-2 | 20.38 | 215.13 | 235.51 | OK | |
r-release-macos-arm64 | 0.7-2 | 171.00 | OK | |||
r-release-macos-x86_64 | 0.7-2 | 236.00 | OK | |||
r-release-windows-x86_64 | 0.7-2 | 31.00 | 189.00 | 220.00 | OK | |
r-oldrel-macos-arm64 | 0.7-2 | 155.00 | OK | |||
r-oldrel-macos-x86_64 | 0.7-2 | 326.00 | OK | |||
r-oldrel-windows-x86_64 | 0.7-2 | 41.00 | 238.00 | 279.00 | OK |
Version: 0.7-2
Check: Rd cross-references
Result: NOTE
Found the following Rd file(s) with Rd \link{} targets missing package
anchors:
GNAbstractManager.Rd: R6Class
GNLegacyAPIManager.Rd: R6Class, XMLInternalNode-class
GNManager.Rd: R6Class
GNOpenAPIManager.Rd: R6Class, XMLInternalNode-class
GNPrivConfiguration.Rd: R6Class
GNRESTRequest.Rd: R6Class
GNUtils.Rd: R6Class
GNVersion.Rd: R6Class
Please provide package anchors for all Rd \link{} targets not in the
package itself and the base packages.
Flavors: r-devel-linux-x86_64-debian-gcc, r-devel-windows-x86_64