Last updated on 2024-07-27 01:53:12 CEST.
Flavor | Version | Tinstall | Tcheck | Ttotal | Status | Flags |
---|---|---|---|---|---|---|
r-devel-linux-x86_64-debian-clang | 0.5.0 | 6.01 | 52.40 | 58.41 | OK | |
r-devel-linux-x86_64-debian-gcc | 0.5.0 | 4.42 | 39.68 | 44.10 | NOTE | |
r-devel-linux-x86_64-fedora-clang | 0.5.0 | 70.17 | OK | |||
r-devel-linux-x86_64-fedora-gcc | 0.5.0 | 70.63 | OK | |||
r-devel-windows-x86_64 | 0.5.0 | 6.00 | 56.00 | 62.00 | NOTE | |
r-patched-linux-x86_64 | 0.5.0 | OK | ||||
r-release-linux-x86_64 | 0.5.0 | 5.85 | 49.56 | 55.41 | OK | |
r-release-macos-arm64 | 0.5.0 | 24.00 | OK | |||
r-release-macos-x86_64 | 0.5.0 | 34.00 | OK | |||
r-release-windows-x86_64 | 0.5.0 | 6.00 | 55.00 | 61.00 | OK | |
r-oldrel-macos-arm64 | 0.5.0 | 29.00 | OK | |||
r-oldrel-macos-x86_64 | 0.5.0 | 54.00 | OK | |||
r-oldrel-windows-x86_64 | 0.5.0 | 7.00 | 63.00 | 70.00 | OK |
Version: 0.5.0
Check: Rd cross-references
Result: NOTE
Found the following Rd file(s) with Rd \link{} targets missing package
anchors:
plot.geonetwork.Rd: plot_sf
Please provide package anchors for all Rd \link{} targets not in the
package itself and the base packages.
Flavors: r-devel-linux-x86_64-debian-gcc, r-devel-windows-x86_64