Last updated on 2024-07-27 01:53:12 CEST.
Flavor | Version | Tinstall | Tcheck | Ttotal | Status | Flags |
---|---|---|---|---|---|---|
r-devel-linux-x86_64-debian-clang | 1.0-4 | 8.49 | 109.14 | 117.63 | OK | |
r-devel-linux-x86_64-debian-gcc | 1.0-4 | 7.03 | 81.77 | 88.80 | NOTE | |
r-devel-linux-x86_64-fedora-clang | 1.0-4 | 150.83 | NOTE | |||
r-devel-linux-x86_64-fedora-gcc | 1.0-4 | 152.24 | NOTE | |||
r-devel-windows-x86_64 | 1.0-4 | 10.00 | 101.00 | 111.00 | NOTE | |
r-patched-linux-x86_64 | 1.0-4 | OK | ||||
r-release-linux-x86_64 | 1.0-4 | 9.94 | 106.84 | 116.78 | OK | |
r-release-macos-arm64 | 1.0-4 | 41.00 | OK | |||
r-release-macos-x86_64 | 1.0-4 | 61.00 | OK | |||
r-release-windows-x86_64 | 1.0-4 | 10.00 | 101.00 | 111.00 | OK | |
r-oldrel-macos-arm64 | 1.0-4 | 49.00 | OK | |||
r-oldrel-macos-x86_64 | 1.0-4 | 86.00 | OK | |||
r-oldrel-windows-x86_64 | 1.0-4 | 15.00 | 122.00 | 137.00 | OK |
Version: 1.0-4
Check: Rd cross-references
Result: NOTE
Found the following Rd file(s) with Rd \link{} targets missing package
anchors:
idw.cv.Rd: idw
network.design.Rd: krige, spsample, krige.cv, point.in.polygon
Please provide package anchors for all Rd \link{} targets not in the
package itself and the base packages.
Flavors: r-devel-linux-x86_64-debian-gcc, r-devel-windows-x86_64
Version: 1.0-4
Check: data for non-ASCII characters
Result: NOTE
Note: found 1 marked UTF-8 string
Flavors: r-devel-linux-x86_64-fedora-clang, r-devel-linux-x86_64-fedora-gcc