Last updated on 2025-05-07 01:49:57 CEST.
Flavor | Version | Tinstall | Tcheck | Ttotal | Status | Flags |
---|---|---|---|---|---|---|
r-devel-linux-x86_64-debian-clang | 0.1 | 1.82 | 19.26 | 21.08 | NOTE | |
r-devel-linux-x86_64-debian-gcc | 0.1 | 1.57 | 15.30 | 16.87 | NOTE | |
r-devel-linux-x86_64-fedora-clang | 0.1 | 30.76 | NOTE | |||
r-devel-linux-x86_64-fedora-gcc | 0.1 | 30.79 | NOTE | |||
r-devel-windows-x86_64 | 0.1 | 3.00 | 36.00 | 39.00 | NOTE | |
r-patched-linux-x86_64 | 0.1 | 2.05 | 18.26 | 20.31 | NOTE | |
r-release-linux-x86_64 | 0.1 | 1.74 | 18.04 | 19.78 | NOTE | |
r-release-macos-arm64 | 0.1 | 16.00 | NOTE | |||
r-release-macos-x86_64 | 0.1 | 23.00 | NOTE | |||
r-release-windows-x86_64 | 0.1 | 4.00 | 39.00 | 43.00 | NOTE | |
r-oldrel-macos-arm64 | 0.1 | 15.00 | NOTE | |||
r-oldrel-macos-x86_64 | 0.1 | 20.00 | NOTE | |||
r-oldrel-windows-x86_64 | 0.1 | 3.00 | 36.00 | 39.00 | NOTE |
Version: 0.1
Check: CRAN incoming feasibility
Result: NOTE
Maintainer: ‘Antoine Lucas <antoinelucas@gmail.com>’
No Authors@R field in DESCRIPTION.
Please add one, modifying
Authors@R: person(given = "Antoine",
family = "Lucas",
role = c("aut", "cre"),
email = "antoinelucas@gmail.com")
as necessary.
Flavors: r-devel-linux-x86_64-debian-clang, r-devel-linux-x86_64-debian-gcc
Version: 0.1
Check: DESCRIPTION meta-information
Result: NOTE
Malformed Description field: should contain one or more complete sentences.
Flavors: r-devel-linux-x86_64-debian-clang, r-devel-linux-x86_64-debian-gcc, r-devel-linux-x86_64-fedora-clang, r-devel-linux-x86_64-fedora-gcc, r-devel-windows-x86_64, r-patched-linux-x86_64, r-release-linux-x86_64, r-release-macos-arm64, r-release-macos-x86_64, r-release-windows-x86_64, r-oldrel-macos-arm64, r-oldrel-macos-x86_64, r-oldrel-windows-x86_64
Version: 0.1
Check: R code for possible problems
Result: NOTE
Found the following calls to data() loading into the global environment:
File ‘geotools/R/zzz.R’:
data(fr_geo_rad)
See section ‘Good practice’ in ‘?data’.
Flavors: r-devel-linux-x86_64-debian-clang, r-devel-linux-x86_64-debian-gcc, r-devel-linux-x86_64-fedora-clang, r-patched-linux-x86_64, r-release-linux-x86_64