Last updated on 2025-11-13 02:52:20 CET.
| Flavor | Version | Tinstall | Tcheck | Ttotal | Status | Flags |
|---|---|---|---|---|---|---|
| r-devel-linux-x86_64-debian-clang | 0.2.2 | 3.14 | 155.34 | 158.48 | NOTE | |
| r-devel-linux-x86_64-debian-gcc | 0.2.2 | 2.64 | 107.45 | 110.09 | NOTE | |
| r-devel-linux-x86_64-fedora-clang | 0.2.2 | 10.00 | 254.38 | 264.38 | OK | |
| r-devel-linux-x86_64-fedora-gcc | 0.2.2 | 252.62 | OK | |||
| r-devel-windows-x86_64 | 0.2.2 | 5.00 | 156.00 | 161.00 | OK | |
| r-patched-linux-x86_64 | 0.2.2 | 2.86 | 151.12 | 153.98 | OK | |
| r-release-linux-x86_64 | 0.2.2 | 2.84 | 149.96 | 152.80 | OK | |
| r-release-macos-arm64 | 0.2.2 | 2.00 | 115.00 | 117.00 | OK | |
| r-release-macos-x86_64 | 0.2.2 | 2.00 | 158.00 | 160.00 | OK | |
| r-release-windows-x86_64 | 0.2.2 | 6.00 | 154.00 | 160.00 | OK | |
| r-oldrel-macos-arm64 | 0.2.2 | 1.00 | 70.00 | 71.00 | OK | |
| r-oldrel-macos-x86_64 | 0.2.2 | 2.00 | 115.00 | 117.00 | OK | |
| r-oldrel-windows-x86_64 | 0.2.2 | 7.00 | 206.00 | 213.00 | OK |
Version: 0.2.2
Check: CRAN incoming feasibility
Result: NOTE
Maintainer: ‘Lerato E Magosi <magosil86@gmail.com>’
Package CITATION file contains call(s) to old-style personList() or
as.personList(). Please use c() on person objects instead.
Package CITATION file contains call(s) to old-style citEntry(). Please
use bibentry() instead.
Flavors: r-devel-linux-x86_64-debian-clang, r-devel-linux-x86_64-debian-gcc