Last updated on 2025-11-13 01:50:21 CET.
| Flavor | Version | Tinstall | Tcheck | Ttotal | Status | Flags |
|---|---|---|---|---|---|---|
| r-devel-linux-x86_64-debian-clang | 0.8 | 5.65 | 75.24 | 80.89 | NOTE | |
| r-devel-linux-x86_64-debian-gcc | 0.8 | 4.37 | 53.60 | 57.97 | NOTE | |
| r-devel-linux-x86_64-fedora-clang | 0.8 | 33.00 | 96.28 | 129.28 | NOTE | |
| r-devel-linux-x86_64-fedora-gcc | 0.8 | 13.00 | 102.44 | 115.44 | NOTE | |
| r-devel-windows-x86_64 | 0.8 | 9.00 | 82.00 | 91.00 | NOTE | |
| r-patched-linux-x86_64 | 0.8 | 5.40 | 68.54 | 73.94 | NOTE | |
| r-release-linux-x86_64 | 0.8 | 5.81 | 69.25 | 75.06 | NOTE | |
| r-release-macos-arm64 | 0.8 | 3.00 | 46.00 | 49.00 | NOTE | |
| r-release-macos-x86_64 | 0.8 | 5.00 | 53.00 | 58.00 | NOTE | |
| r-release-windows-x86_64 | 0.8 | 9.00 | 82.00 | 91.00 | NOTE | |
| r-oldrel-macos-arm64 | 0.8 | 3.00 | 26.00 | 29.00 | OK | |
| r-oldrel-macos-x86_64 | 0.8 | 5.00 | 41.00 | 46.00 | OK | |
| r-oldrel-windows-x86_64 | 0.8 | 11.00 | 101.00 | 112.00 | OK |
Version: 0.8
Check: DESCRIPTION meta-information
Result: NOTE
Missing dependency on R >= 4.1.0 because package code uses the pipe
|> or function shorthand \(...) syntax added in R 4.1.0.
File(s) using such syntax:
‘girder_experiment.Rd’
Flavors: r-devel-linux-x86_64-debian-clang, r-devel-linux-x86_64-debian-gcc, r-devel-linux-x86_64-fedora-clang, r-devel-linux-x86_64-fedora-gcc, r-devel-windows-x86_64, r-patched-linux-x86_64, r-release-linux-x86_64, r-release-macos-arm64, r-release-macos-x86_64, r-release-windows-x86_64