CRAN Package Check Results for Package ggTimeSeries

Last updated on 2025-11-20 02:49:15 CET.

Flavor Version Tinstall Tcheck Ttotal Status Flags
r-devel-linux-x86_64-debian-clang 1.0.2 6.94 80.68 87.62 NOTE
r-devel-linux-x86_64-debian-gcc 1.0.2 4.75 58.71 63.46 NOTE
r-devel-linux-x86_64-fedora-clang 1.0.2 16.00 109.71 125.71 NOTE
r-devel-linux-x86_64-fedora-gcc 1.0.2 10.00 119.61 129.61 NOTE
r-devel-windows-x86_64 1.0.2 12.00 85.00 97.00 NOTE
r-patched-linux-x86_64 1.0.2 6.33 72.02 78.35 NOTE
r-release-linux-x86_64 1.0.2 5.31 71.59 76.90 NOTE
r-release-macos-arm64 1.0.2 NOTE
r-release-macos-x86_64 1.0.2 5.00 62.00 67.00 NOTE
r-release-windows-x86_64 1.0.2 11.00 82.00 93.00 NOTE
r-oldrel-macos-arm64 1.0.2 NOTE
r-oldrel-macos-x86_64 1.0.2 5.00 51.00 56.00 NOTE
r-oldrel-windows-x86_64 1.0.2 12.00 104.00 116.00 NOTE

Check Details

Version: 1.0.2
Check: package subdirectories
Result: NOTE Problems with news in ‘NEWS.md’: Cannot extract version info from the following section titles: Win CRAN check results - R Windows Flavors: r-devel-linux-x86_64-debian-clang, r-devel-linux-x86_64-debian-gcc, r-devel-linux-x86_64-fedora-clang, r-devel-linux-x86_64-fedora-gcc, r-devel-windows-x86_64, r-patched-linux-x86_64, r-release-linux-x86_64, r-release-macos-arm64, r-release-macos-x86_64, r-release-windows-x86_64, r-oldrel-macos-arm64, r-oldrel-macos-x86_64, r-oldrel-windows-x86_64