Last updated on 2025-05-25 01:49:42 CEST.
Flavor | Version | Tinstall | Tcheck | Ttotal | Status | Flags |
---|---|---|---|---|---|---|
r-devel-linux-x86_64-debian-clang | 1.0.1 | 12.74 | 254.24 | 266.98 | NOTE | |
r-devel-linux-x86_64-debian-gcc | 1.0.1 | 7.86 | 168.98 | 176.84 | NOTE | |
r-devel-linux-x86_64-fedora-clang | 1.0.1 | 408.22 | NOTE | |||
r-devel-linux-x86_64-fedora-gcc | 1.0.1 | 408.07 | NOTE | |||
r-devel-windows-x86_64 | 1.0.1 | 23.00 | 299.00 | 322.00 | NOTE | |
r-patched-linux-x86_64 | 1.0.1 | 13.78 | 236.08 | 249.86 | NOTE | |
r-release-linux-x86_64 | 1.0.1 | 11.82 | 236.92 | 248.74 | NOTE | |
r-release-macos-arm64 | 1.0.1 | 116.00 | NOTE | |||
r-release-macos-x86_64 | 1.0.1 | 232.00 | NOTE | |||
r-release-windows-x86_64 | 1.0.1 | 17.00 | 282.00 | 299.00 | NOTE | |
r-oldrel-macos-arm64 | 1.0.1 | 115.00 | OK | |||
r-oldrel-macos-x86_64 | 1.0.1 | 306.00 | OK | |||
r-oldrel-windows-x86_64 | 1.0.1 | 20.00 | 348.00 | 368.00 | OK |
Version: 1.0.1
Check: DESCRIPTION meta-information
Result: NOTE
Missing dependency on R >= 4.1.0 because package code uses the pipe
|> or function shorthand \(...) syntax added in R 4.1.0.
File(s) using such syntax:
‘aaa.R’ ‘flip.R’ ‘geom_link.Rd’ ‘geom_seq.Rd’ ‘geom_seq_break.Rd’
‘shift.Rd’ ‘track_info.Rd’
Flavors: r-devel-linux-x86_64-debian-clang, r-devel-linux-x86_64-debian-gcc, r-devel-linux-x86_64-fedora-clang, r-devel-linux-x86_64-fedora-gcc, r-devel-windows-x86_64, r-patched-linux-x86_64, r-release-linux-x86_64, r-release-macos-arm64, r-release-windows-x86_64
Version: 1.0.1
Check: DESCRIPTION meta-information
Result: NOTE
Missing dependency on R >= 4.1.0 because package code uses the pipe
|> or function shorthand \(...) syntax added in R 4.1.0.
File(s) using such syntax:
‘aaa.R’ ‘flip.R’
Flavor: r-release-macos-x86_64