Last updated on 2024-07-27 01:53:12 CEST.
Flavor | Version | Tinstall | Tcheck | Ttotal | Status | Flags |
---|---|---|---|---|---|---|
r-devel-linux-x86_64-debian-clang | 0.2.8 | 16.26 | 362.88 | 379.14 | OK | |
r-devel-linux-x86_64-debian-gcc | 0.2.8 | 13.50 | 264.51 | 278.01 | NOTE | |
r-devel-linux-x86_64-fedora-clang | 0.2.8 | 459.64 | OK | |||
r-devel-linux-x86_64-fedora-gcc | 0.2.8 | 457.18 | OK | |||
r-devel-windows-x86_64 | 0.2.8 | 17.00 | 247.00 | 264.00 | NOTE | |
r-patched-linux-x86_64 | 0.2.8 | OK | ||||
r-release-linux-x86_64 | 0.2.8 | 16.84 | 342.16 | 359.00 | OK | |
r-release-macos-arm64 | 0.2.8 | 114.00 | OK | |||
r-release-macos-x86_64 | 0.2.8 | 189.00 | OK | |||
r-release-windows-x86_64 | 0.2.8 | 16.00 | 243.00 | 259.00 | OK | |
r-oldrel-macos-arm64 | 0.2.8 | 119.00 | OK | |||
r-oldrel-macos-x86_64 | 0.2.8 | 244.00 | OK | |||
r-oldrel-windows-x86_64 | 0.2.8 | 22.00 | 316.00 | 338.00 | OK |
Version: 0.2.8
Check: Rd cross-references
Result: NOTE
Found the following Rd file(s) with Rd \link{} targets missing package
anchors:
guide_axis_logticks.Rd: rel
guide_axis_minor.Rd: rel
guide_axis_nested.Rd: element_line, element_text
theme_extensions.Rd: element_line, element_text, rel
Please provide package anchors for all Rd \link{} targets not in the
package itself and the base packages.
Flavors: r-devel-linux-x86_64-debian-gcc, r-devel-windows-x86_64