Last updated on 2025-05-07 01:49:58 CEST.
Flavor | Version | Tinstall | Tcheck | Ttotal | Status | Flags |
---|---|---|---|---|---|---|
r-devel-linux-x86_64-debian-clang | 2.2 | 6.67 | 54.04 | 60.71 | NOTE | |
r-devel-linux-x86_64-debian-gcc | 2.2 | 4.83 | 38.56 | 43.39 | NOTE | |
r-devel-linux-x86_64-fedora-clang | 2.2 | 106.64 | OK | |||
r-devel-linux-x86_64-fedora-gcc | 2.2 | 99.15 | OK | |||
r-devel-windows-x86_64 | 2.2 | 9.00 | 67.00 | 76.00 | NOTE | |
r-patched-linux-x86_64 | 2.2 | 7.32 | 52.22 | 59.54 | NOTE | |
r-release-linux-x86_64 | 2.2 | 7.46 | 51.28 | 58.74 | NOTE | |
r-release-macos-arm64 | 2.2 | 29.00 | OK | |||
r-release-macos-x86_64 | 2.2 | 48.00 | OK | |||
r-release-windows-x86_64 | 2.2 | 9.00 | 68.00 | 77.00 | NOTE | |
r-oldrel-macos-arm64 | 2.2 | 28.00 | OK | |||
r-oldrel-macos-x86_64 | 2.2 | 39.00 | OK | |||
r-oldrel-windows-x86_64 | 2.2 | 11.00 | 81.00 | 92.00 | OK |
Version: 2.2
Check: Rd cross-references
Result: NOTE
Found the following Rd file(s) with Rd \link{} targets missing package
anchors:
ggheatmap_theme.Rd: theme
Please provide package anchors for all Rd \link{} targets not in the
package itself and the base packages.
Flavors: r-devel-linux-x86_64-debian-clang, r-devel-linux-x86_64-debian-gcc, r-devel-windows-x86_64, r-patched-linux-x86_64, r-release-linux-x86_64, r-release-windows-x86_64