Last updated on 2024-07-27 01:53:12 CEST.
Flavor | Version | Tinstall | Tcheck | Ttotal | Status | Flags |
---|---|---|---|---|---|---|
r-devel-linux-x86_64-debian-clang | 0.2.5 | 8.56 | 128.56 | 137.12 | OK | |
r-devel-linux-x86_64-debian-gcc | 0.2.5 | 7.52 | 97.48 | 105.00 | NOTE | |
r-devel-linux-x86_64-fedora-clang | 0.2.5 | 185.03 | OK | |||
r-devel-linux-x86_64-fedora-gcc | 0.2.5 | 174.30 | OK | |||
r-devel-windows-x86_64 | 0.2.5 | 8.00 | 98.00 | 106.00 | NOTE | |
r-patched-linux-x86_64 | 0.2.5 | OK | ||||
r-release-linux-x86_64 | 0.2.5 | 5.42 | 122.98 | 128.40 | OK | |
r-release-macos-arm64 | 0.2.5 | 48.00 | OK | |||
r-release-macos-x86_64 | 0.2.5 | 78.00 | OK | |||
r-release-windows-x86_64 | 0.2.5 | 9.00 | 97.00 | 106.00 | OK | |
r-oldrel-macos-arm64 | 0.2.5 | 56.00 | OK | |||
r-oldrel-macos-x86_64 | 0.2.5 | 96.00 | OK | |||
r-oldrel-windows-x86_64 | 0.2.5 | 11.00 | 121.00 | 132.00 | OK |
Version: 0.2.5
Check: Rd cross-references
Result: NOTE
Found the following Rd file(s) with Rd \link{} targets missing package
anchors:
ggdonut.Rd: geom_text_repel
ggnestedpie.Rd: geom_text_repel
ggpie.Rd: geom_text_repel
Please provide package anchors for all Rd \link{} targets not in the
package itself and the base packages.
Flavors: r-devel-linux-x86_64-debian-gcc, r-devel-windows-x86_64