Last updated on 2024-07-27 01:53:12 CEST.
Flavor | Version | Tinstall | Tcheck | Ttotal | Status | Flags |
---|---|---|---|---|---|---|
r-devel-linux-x86_64-debian-clang | 1.6.5 | 11.52 | 181.78 | 193.30 | NOTE | |
r-devel-linux-x86_64-debian-gcc | 1.6.5 | 6.83 | 135.27 | 142.10 | NOTE | |
r-devel-linux-x86_64-fedora-clang | 1.6.5 | 239.69 | NOTE | |||
r-devel-linux-x86_64-fedora-gcc | 1.6.5 | 232.83 | NOTE | |||
r-devel-windows-x86_64 | 1.6.5 | 10.00 | 140.00 | 150.00 | NOTE | |
r-patched-linux-x86_64 | 1.6.5 | NOTE | ||||
r-release-linux-x86_64 | 1.6.5 | 6.48 | 173.09 | 179.57 | NOTE | |
r-release-macos-arm64 | 1.6.5 | 72.00 | NOTE | |||
r-release-macos-x86_64 | 1.6.5 | 111.00 | NOTE | |||
r-release-windows-x86_64 | 1.6.5 | 11.00 | 136.00 | 147.00 | NOTE | |
r-oldrel-macos-arm64 | 1.6.5 | 76.00 | NOTE | |||
r-oldrel-macos-x86_64 | 1.6.5 | 128.00 | NOTE | |||
r-oldrel-windows-x86_64 | 1.6.5 | 13.00 | 166.00 | 179.00 | NOTE |
Version: 1.6.5
Check: package subdirectories
Result: NOTE
Problems with news in ‘NEWS.md’:
Cannot extract version info from the following section titles:
* Changes all data options to .data to decrease possibility of column naming overlap
Flavors: r-devel-linux-x86_64-debian-clang, r-devel-linux-x86_64-debian-gcc, r-devel-linux-x86_64-fedora-clang, r-devel-linux-x86_64-fedora-gcc, r-devel-windows-x86_64, r-patched-linux-x86_64, r-release-linux-x86_64, r-release-macos-arm64, r-release-macos-x86_64, r-release-windows-x86_64, r-oldrel-macos-arm64, r-oldrel-macos-x86_64, r-oldrel-windows-x86_64