Last updated on 2025-05-24 01:51:22 CEST.
Flavor | Version | Tinstall | Tcheck | Ttotal | Status | Flags |
---|---|---|---|---|---|---|
r-devel-linux-x86_64-debian-clang | 0.36.2 | 14.97 | 65.35 | 80.32 | OK | |
r-devel-linux-x86_64-debian-gcc | 0.36.2 | 11.94 | 46.69 | 58.63 | OK | |
r-devel-linux-x86_64-fedora-clang | 0.36.2 | 119.10 | OK | |||
r-devel-linux-x86_64-fedora-gcc | 0.36.2 | 118.35 | OK | |||
r-devel-windows-x86_64 | 0.36.2 | 45.00 | 263.00 | 308.00 | OK | |
r-patched-linux-x86_64 | 0.36.2 | 15.35 | 61.90 | 77.25 | OK | |
r-release-linux-x86_64 | 0.36.2 | 13.63 | 62.27 | 75.90 | OK | |
r-release-macos-arm64 | 0.36.2 | 60.00 | OK | |||
r-release-macos-x86_64 | 0.36.2 | 85.00 | OK | |||
r-release-windows-x86_64 | 0.36.2 | 44.00 | 256.00 | 300.00 | OK | |
r-oldrel-macos-arm64 | 0.36.2 | 70.00 | NOTE | |||
r-oldrel-macos-x86_64 | 0.36.2 | 104.00 | NOTE | |||
r-oldrel-windows-x86_64 | 0.36.2 | 45.00 | 140.00 | 185.00 | OK |
Version: 0.36.2
Check: installed package size
Result: NOTE
installed size is 7.2Mb
sub-directories of 1Mb or more:
libs 6.8Mb
Flavors: r-oldrel-macos-arm64, r-oldrel-macos-x86_64