Last updated on 2024-07-27 01:53:12 CEST.
Flavor | Version | Tinstall | Tcheck | Ttotal | Status | Flags |
---|---|---|---|---|---|---|
r-devel-linux-x86_64-debian-clang | 0.1.8 | 295.49 | 187.96 | 483.45 | NOTE | |
r-devel-linux-x86_64-debian-gcc | 0.1.8 | 218.88 | 155.85 | 374.73 | NOTE | |
r-devel-linux-x86_64-fedora-clang | 0.1.8 | 613.95 | NOTE | |||
r-devel-linux-x86_64-fedora-gcc | 0.1.8 | 723.21 | NOTE | |||
r-devel-windows-x86_64 | 0.1.8 | 203.00 | 187.00 | 390.00 | NOTE | |
r-patched-linux-x86_64 | 0.1.8 | ERROR | ||||
r-release-linux-x86_64 | 0.1.8 | 195.97 | 208.75 | 404.72 | NOTE | |
r-release-macos-arm64 | 0.1.8 | 148.00 | NOTE | |||
r-release-macos-x86_64 | 0.1.8 | 241.00 | NOTE | |||
r-release-windows-x86_64 | 0.1.8 | 209.00 | 183.00 | 392.00 | NOTE | |
r-oldrel-macos-arm64 | 0.1.8 | 145.00 | NOTE | |||
r-oldrel-macos-x86_64 | 0.1.8 | 337.00 | NOTE | |||
r-oldrel-windows-x86_64 | 0.1.8 | 269.00 | 223.00 | 492.00 | NOTE |
Version: 0.1.8
Check: for GNU extensions in Makefiles
Result: NOTE
GNU make is a SystemRequirements.
Flavors: r-devel-linux-x86_64-debian-clang, r-devel-linux-x86_64-debian-gcc, r-devel-linux-x86_64-fedora-clang, r-devel-linux-x86_64-fedora-gcc, r-devel-windows-x86_64, r-release-linux-x86_64, r-release-macos-arm64, r-release-macos-x86_64, r-release-windows-x86_64, r-oldrel-macos-arm64, r-oldrel-macos-x86_64, r-oldrel-windows-x86_64
Version: 0.1.8
Check: whether package can be installed
Result: ERROR
Installation failed.
Flavor: r-patched-linux-x86_64
Version: 0.1.8
Check: installed package size
Result: NOTE
installed size is 93.0Mb
sub-directories of 1Mb or more:
libs 92.3Mb
Flavors: r-release-macos-arm64, r-release-macos-x86_64, r-oldrel-macos-arm64, r-oldrel-macos-x86_64