Last updated on 2025-11-13 01:50:22 CET.
| Flavor | Version | Tinstall | Tcheck | Ttotal | Status | Flags |
|---|---|---|---|---|---|---|
| r-devel-linux-x86_64-debian-clang | 1.1.0 | 415.23 | 160.32 | 575.55 | OK | |
| r-devel-linux-x86_64-debian-gcc | 1.1.0 | 381.46 | 134.19 | 515.65 | OK | |
| r-devel-linux-x86_64-fedora-clang | 1.1.0 | 840.00 | -13.64 | 826.36 | OK | |
| r-devel-linux-x86_64-fedora-gcc | 1.1.0 | 1140.00 | -67.02 | 1072.98 | OK | |
| r-devel-windows-x86_64 | 1.1.0 | 378.00 | 204.00 | 582.00 | OK | |
| r-patched-linux-x86_64 | 1.1.0 | 478.65 | 180.85 | 659.50 | OK | |
| r-release-linux-x86_64 | 1.1.0 | 451.55 | 181.78 | 633.33 | OK | |
| r-release-macos-arm64 | 1.1.0 | 150.00 | 54.00 | 204.00 | OK | |
| r-release-macos-x86_64 | 1.1.0 | 472.00 | 132.00 | 604.00 | OK | |
| r-release-windows-x86_64 | 1.1.0 | 351.00 | 200.00 | 551.00 | OK | |
| r-oldrel-macos-arm64 | 1.1.0 | 153.00 | 57.00 | 210.00 | NOTE | |
| r-oldrel-macos-x86_64 | 1.1.0 | 406.00 | 104.00 | 510.00 | NOTE | |
| r-oldrel-windows-x86_64 | 1.1.0 | 445.00 | 258.00 | 703.00 | NOTE |
Version: 1.1.0
Check: installed package size
Result: NOTE
installed size is 153.8Mb
sub-directories of 1Mb or more:
libs 152.4Mb
Flavors: r-oldrel-macos-arm64, r-oldrel-macos-x86_64, r-oldrel-windows-x86_64
Version: 1.1.0
Check: for GNU extensions in Makefiles
Result: NOTE
GNU make is a SystemRequirements.
Flavors: r-oldrel-macos-arm64, r-oldrel-macos-x86_64, r-oldrel-windows-x86_64