Last updated on 2024-07-27 01:53:12 CEST.
Flavor | Version | Tinstall | Tcheck | Ttotal | Status | Flags |
---|---|---|---|---|---|---|
r-devel-linux-x86_64-debian-clang | 0.11.0 | 34.27 | 72.41 | 106.68 | OK | |
r-devel-linux-x86_64-debian-gcc | 0.11.0 | 26.87 | 54.39 | 81.26 | OK | |
r-devel-linux-x86_64-fedora-clang | 0.11.0 | 153.76 | OK | |||
r-devel-linux-x86_64-fedora-gcc | 0.11.0 | 155.68 | OK | |||
r-devel-windows-x86_64 | 0.11.0 | 34.00 | 93.00 | 127.00 | OK | |
r-patched-linux-x86_64 | 0.11.0 | OK | ||||
r-release-linux-x86_64 | 0.11.0 | 32.78 | 68.76 | 101.54 | OK | |
r-release-macos-arm64 | 0.11.0 | 51.00 | NOTE | |||
r-release-macos-x86_64 | 0.11.0 | 88.00 | NOTE | |||
r-release-windows-x86_64 | 0.11.0 | 35.00 | 92.00 | 127.00 | OK | |
r-oldrel-macos-arm64 | 0.11.0 | 51.00 | NOTE | |||
r-oldrel-macos-x86_64 | 0.11.0 | 78.00 | NOTE | |||
r-oldrel-windows-x86_64 | 0.11.0 | 38.00 | 110.00 | 148.00 | OK |
Version: 0.11.0
Check: installed package size
Result: NOTE
installed size is 11.2Mb
sub-directories of 1Mb or more:
doc 1.3Mb
libs 9.6Mb
Flavors: r-release-macos-arm64, r-release-macos-x86_64, r-oldrel-macos-arm64, r-oldrel-macos-x86_64