Last updated on 2025-05-06 02:50:20 CEST.
Flavor | Version | Tinstall | Tcheck | Ttotal | Status | Flags |
---|---|---|---|---|---|---|
r-devel-linux-x86_64-debian-clang | 0.4.5 | 60.59 | 108.60 | 169.19 | OK | |
r-devel-linux-x86_64-debian-gcc | 0.4.5 | 47.54 | 75.53 | 123.07 | OK | |
r-devel-linux-x86_64-fedora-clang | 0.4.5 | 290.46 | OK | |||
r-devel-linux-x86_64-fedora-gcc | 0.4.5 | 327.43 | OK | |||
r-devel-windows-x86_64 | 0.4.5 | 73.00 | 139.00 | 212.00 | OK | |
r-patched-linux-x86_64 | 0.4.5 | 63.00 | 103.68 | 166.68 | OK | |
r-release-linux-x86_64 | 0.4.5 | 65.20 | 102.77 | 167.97 | OK | |
r-release-macos-arm64 | 0.4.5 | 81.00 | OK | |||
r-release-macos-x86_64 | 0.4.5 | 145.00 | OK | |||
r-release-windows-x86_64 | 0.4.5 | 73.00 | 145.00 | 218.00 | OK | |
r-oldrel-macos-arm64 | 0.4.5 | 74.00 | NOTE | |||
r-oldrel-macos-x86_64 | 0.4.5 | 131.00 | NOTE | |||
r-oldrel-windows-x86_64 | 0.4.5 | 86.00 | 178.00 | 264.00 | OK |
Version: 0.4.5
Check: installed package size
Result: NOTE
installed size is 7.4Mb
sub-directories of 1Mb or more:
libs 6.9Mb
Flavors: r-oldrel-macos-arm64, r-oldrel-macos-x86_64