Last updated on 2025-10-25 01:51:01 CEST.
| Flavor | Version | Tinstall | Tcheck | Ttotal | Status | Flags |
|---|---|---|---|---|---|---|
| r-devel-linux-x86_64-debian-clang | 0.1.2 | 28.19 | 103.95 | 132.14 | NOTE | |
| r-devel-linux-x86_64-debian-gcc | 0.1.2 | 16.53 | 73.64 | 90.17 | NOTE | |
| r-devel-linux-x86_64-fedora-clang | 0.1.2 | 90.00 | 127.44 | 217.44 | OK | |
| r-devel-linux-x86_64-fedora-gcc | 0.1.2 | 44.00 | 153.11 | 197.11 | OK | |
| r-devel-windows-x86_64 | 0.1.2 | 34.00 | 128.00 | 162.00 | OK | |
| r-patched-linux-x86_64 | 0.1.2 | 26.44 | 99.23 | 125.67 | OK | |
| r-release-linux-x86_64 | 0.1.2 | 24.12 | 99.42 | 123.54 | OK | |
| r-release-macos-arm64 | 0.1.2 | 15.00 | 53.00 | 68.00 | OK | |
| r-release-macos-x86_64 | 0.1.2 | 20.00 | 90.00 | 110.00 | OK | |
| r-release-windows-x86_64 | 0.1.2 | 32.00 | 133.00 | 165.00 | OK | |
| r-oldrel-macos-arm64 | 0.1.2 | 13.00 | 45.00 | 58.00 | OK | |
| r-oldrel-macos-x86_64 | 0.1.2 | 22.00 | 66.00 | 88.00 | OK | |
| r-oldrel-windows-x86_64 | 0.1.2 | 41.00 | 164.00 | 205.00 | OK |
Version: 0.1.2
Check: CRAN incoming feasibility
Result: NOTE
Maintainer: ‘Eduardo García-Portugués <edgarcia@est-econ.uc3m.es>’
The BugReports field in DESCRIPTION has
https://github.com/egarpor/goffda
which should likely be
https://github.com/egarpor/goffda/issues
instead.
Flavors: r-devel-linux-x86_64-debian-clang, r-devel-linux-x86_64-debian-gcc