Last updated on 2024-07-27 01:53:13 CEST.
Flavor | Version | Tinstall | Tcheck | Ttotal | Status | Flags |
---|---|---|---|---|---|---|
r-devel-linux-x86_64-debian-clang | 2.1.1 | 9.70 | 88.65 | 98.35 | OK | |
r-devel-linux-x86_64-debian-gcc | 2.1.1 | 4.96 | 65.13 | 70.09 | NOTE | |
r-devel-linux-x86_64-fedora-clang | 2.1.1 | 123.77 | OK | |||
r-devel-linux-x86_64-fedora-gcc | 2.1.1 | 124.87 | OK | |||
r-devel-windows-x86_64 | 2.1.1 | 10.00 | 95.00 | 105.00 | NOTE | |
r-patched-linux-x86_64 | 2.1.1 | OK | ||||
r-release-linux-x86_64 | 2.1.1 | 7.54 | 84.05 | 91.59 | OK | |
r-release-macos-arm64 | 2.1.1 | 44.00 | OK | |||
r-release-macos-x86_64 | 2.1.1 | 72.00 | OK | |||
r-release-windows-x86_64 | 2.1.1 | 9.00 | 94.00 | 103.00 | OK | |
r-oldrel-macos-arm64 | 2.1.1 | 42.00 | OK | |||
r-oldrel-macos-x86_64 | 2.1.1 | 79.00 | OK | |||
r-oldrel-windows-x86_64 | 2.1.1 | 11.00 | 109.00 | 120.00 | OK |
Version: 2.1.1
Check: Rd cross-references
Result: NOTE
Found the following Rd file(s) with Rd \link{} targets missing package
anchors:
request_make.Rd: httr
Please provide package anchors for all Rd \link{} targets not in the
package itself and the base packages.
Flavors: r-devel-linux-x86_64-debian-gcc, r-devel-windows-x86_64