Last updated on 2025-05-25 02:50:08 CEST.
Flavor | Version | Tinstall | Tcheck | Ttotal | Status | Flags |
---|---|---|---|---|---|---|
r-devel-linux-x86_64-debian-clang | 0.1 | 1.59 | 16.89 | 18.48 | NOTE | |
r-devel-linux-x86_64-debian-gcc | 0.1 | 1.31 | 13.65 | 14.96 | NOTE | |
r-devel-linux-x86_64-fedora-clang | 0.1 | 29.48 | NOTE | |||
r-devel-linux-x86_64-fedora-gcc | 0.1 | 26.79 | NOTE | |||
r-devel-windows-x86_64 | 0.1 | 2.00 | 42.00 | 44.00 | NOTE | |
r-patched-linux-x86_64 | 0.1 | 1.60 | 15.92 | 17.52 | NOTE | |
r-release-linux-x86_64 | 0.1 | 1.58 | 15.86 | 17.44 | NOTE | |
r-release-macos-arm64 | 0.1 | 14.00 | NOTE | |||
r-release-macos-x86_64 | 0.1 | 22.00 | NOTE | |||
r-release-windows-x86_64 | 0.1 | 2.00 | 38.00 | 40.00 | NOTE | |
r-oldrel-macos-arm64 | 0.1 | 13.00 | NOTE | |||
r-oldrel-macos-x86_64 | 0.1 | 19.00 | NOTE | |||
r-oldrel-windows-x86_64 | 0.1 | 2.00 | 34.00 | 36.00 | NOTE |
Version: 0.1
Check: CRAN incoming feasibility
Result: NOTE
Maintainer: ‘Yuichiro Otani <yuichiro@otani.co>’
No Authors@R field in DESCRIPTION.
Please add one, modifying
Authors@R: person(given = "Yuichiro",
family = "Otani",
role = c("aut", "cre"),
email = "yuichiro@otani.co")
as necessary.
The Description field contains
(http://statdb.nstac.go.jp/)
Please enclose URLs in angle brackets (<...>).
Flavors: r-devel-linux-x86_64-debian-clang, r-devel-linux-x86_64-debian-gcc
Version: 0.1
Check: DESCRIPTION meta-information
Result: NOTE
Malformed Description field: should contain one or more complete sentences.
Flavors: r-devel-linux-x86_64-debian-clang, r-devel-linux-x86_64-debian-gcc, r-devel-linux-x86_64-fedora-clang, r-devel-linux-x86_64-fedora-gcc, r-devel-windows-x86_64, r-patched-linux-x86_64, r-release-linux-x86_64, r-release-macos-arm64, r-release-macos-x86_64, r-release-windows-x86_64, r-oldrel-macos-arm64, r-oldrel-macos-x86_64, r-oldrel-windows-x86_64