Last updated on 2025-11-16 01:49:17 CET.
| Flavor | Version | Tinstall | Tcheck | Ttotal | Status | Flags |
|---|---|---|---|---|---|---|
| r-devel-linux-x86_64-debian-clang | 5.1.0 | 17.77 | 211.74 | 229.51 | OK | |
| r-devel-linux-x86_64-debian-gcc | 5.1.0 | 13.20 | 145.49 | 158.69 | OK | |
| r-devel-linux-x86_64-fedora-clang | 5.1.0 | 92.00 | 289.43 | 381.43 | OK | |
| r-devel-linux-x86_64-fedora-gcc | 5.1.0 | 37.00 | 298.28 | 335.28 | OK | |
| r-devel-windows-x86_64 | 5.1.0 | 24.00 | 208.00 | 232.00 | OK | |
| r-patched-linux-x86_64 | 5.1.0 | 18.68 | 202.05 | 220.73 | OK | |
| r-release-linux-x86_64 | 5.1.0 | 18.06 | 204.43 | 222.49 | OK | |
| r-release-macos-arm64 | 5.1.0 | 8.00 | 72.00 | 80.00 | OK | |
| r-release-macos-x86_64 | 5.1.0 | 18.00 | 199.00 | 217.00 | OK | |
| r-release-windows-x86_64 | 5.1.0 | 21.00 | 210.00 | 231.00 | OK | |
| r-oldrel-macos-arm64 | 5.1.0 | 8.00 | 78.00 | 86.00 | NOTE | |
| r-oldrel-macos-x86_64 | 5.1.0 | 19.00 | 222.00 | 241.00 | NOTE | |
| r-oldrel-windows-x86_64 | 5.1.0 | 29.00 | 261.00 | 290.00 | NOTE |
Version: 5.1.0
Check: installed package size
Result: NOTE
installed size is 5.6Mb
sub-directories of 1Mb or more:
help 5.2Mb
Flavors: r-oldrel-macos-arm64, r-oldrel-macos-x86_64, r-oldrel-windows-x86_64
Version: 5.1.0
Check: Rd cross-references
Result: NOTE
Package unavailable to check Rd xrefs: ‘gratia’
Flavor: r-oldrel-macos-x86_64