Last updated on 2024-07-27 01:53:13 CEST.
Flavor | Version | Tinstall | Tcheck | Ttotal | Status | Flags |
---|---|---|---|---|---|---|
r-devel-linux-x86_64-debian-clang | 0.0.11 | 12.58 | 105.00 | 117.58 | OK | |
r-devel-linux-x86_64-debian-gcc | 0.0.11 | 7.61 | 79.71 | 87.32 | NOTE | |
r-devel-linux-x86_64-fedora-clang | 0.0.11 | 150.01 | NOTE | |||
r-devel-linux-x86_64-fedora-gcc | 0.0.11 | 152.63 | NOTE | |||
r-devel-windows-x86_64 | 0.0.11 | 12.00 | 108.00 | 120.00 | NOTE | |
r-patched-linux-x86_64 | 0.0.11 | OK | ||||
r-release-linux-x86_64 | 0.0.11 | 7.44 | 99.13 | 106.57 | OK | |
r-release-macos-arm64 | 0.0.11 | 54.00 | OK | |||
r-release-macos-x86_64 | 0.0.11 | 78.00 | OK | |||
r-release-windows-x86_64 | 0.0.11 | 12.00 | 107.00 | 119.00 | OK | |
r-oldrel-macos-arm64 | 0.0.11 | 58.00 | OK | |||
r-oldrel-macos-x86_64 | 0.0.11 | 127.00 | OK | |||
r-oldrel-windows-x86_64 | 0.0.11 | 16.00 | 114.00 | 130.00 | OK |
Version: 0.0.11
Check: Rd cross-references
Result: NOTE
Found the following Rd file(s) with Rd \link{} targets missing package
anchors:
grafzahl.Rd: corpus, docvars
predict.grafzahl.Rd: corpus
Please provide package anchors for all Rd \link{} targets not in the
package itself and the base packages.
Flavors: r-devel-linux-x86_64-debian-gcc, r-devel-windows-x86_64
Version: 0.0.11
Check: data for non-ASCII characters
Result: NOTE
Note: found 5030 marked UTF-8 strings
Flavors: r-devel-linux-x86_64-fedora-clang, r-devel-linux-x86_64-fedora-gcc