Last updated on 2025-05-25 01:49:43 CEST.
Flavor | Version | Tinstall | Tcheck | Ttotal | Status | Flags |
---|---|---|---|---|---|---|
r-devel-linux-x86_64-debian-clang | 0.2.6 | 16.82 | 165.35 | 182.17 | OK | |
r-devel-linux-x86_64-debian-gcc | 0.2.6 | 11.58 | 112.61 | 124.19 | OK | |
r-devel-linux-x86_64-fedora-clang | 0.2.6 | 320.98 | OK | |||
r-devel-linux-x86_64-fedora-gcc | 0.2.6 | 294.68 | OK | |||
r-devel-windows-x86_64 | 0.2.6 | 22.00 | 179.00 | 201.00 | OK | |
r-patched-linux-x86_64 | 0.2.6 | 21.93 | 156.29 | 178.22 | OK | |
r-release-linux-x86_64 | 0.2.6 | 18.80 | 155.43 | 174.23 | OK | |
r-release-macos-arm64 | 0.2.6 | 113.00 | OK | |||
r-release-macos-x86_64 | 0.2.6 | 140.00 | OK | |||
r-release-windows-x86_64 | 0.2.6 | 24.00 | 175.00 | 199.00 | OK | |
r-oldrel-macos-arm64 | 0.2.6 | 78.00 | OK | |||
r-oldrel-macos-x86_64 | 0.2.6 | 158.00 | NOTE | |||
r-oldrel-windows-x86_64 | 0.2.6 | 31.00 | 221.00 | 252.00 | OK |
Version: 0.2.6
Check: package dependencies
Result: NOTE
Package suggested but not available for checking: ‘monocle’
Flavor: r-oldrel-macos-x86_64
Version: 0.2.6
Check: Rd cross-references
Result: NOTE
Package unavailable to check Rd xrefs: ‘monocle’
Flavor: r-oldrel-macos-x86_64