CRAN Package Check Results for Package graph3d

Last updated on 2025-11-13 01:50:22 CET.

Flavor Version Tinstall Tcheck Ttotal Status Flags
r-devel-linux-x86_64-debian-clang 0.2.0 2.57 27.86 30.43 OK
r-devel-linux-x86_64-debian-gcc 0.2.0 1.88 22.75 24.63 OK
r-devel-linux-x86_64-fedora-clang 0.2.0 14.00 33.50 47.50 OK
r-devel-linux-x86_64-fedora-gcc 0.2.0 42.62 OK
r-devel-windows-x86_64 0.2.0 5.00 47.00 52.00 OK
r-patched-linux-x86_64 0.2.0 2.77 26.67 29.44 OK
r-release-linux-x86_64 0.2.0 2.21 27.09 29.30 OK
r-release-macos-arm64 0.2.0 3.00 26.00 29.00 OK
r-release-macos-x86_64 0.2.0 2.00 28.00 30.00 OK
r-release-windows-x86_64 0.2.0 5.00 44.00 49.00 OK
r-oldrel-macos-arm64 0.2.0 1.00 18.00 19.00 NOTE
r-oldrel-macos-x86_64 0.2.0 2.00 25.00 27.00 NOTE
r-oldrel-windows-x86_64 0.2.0 6.00 51.00 57.00 NOTE

Check Details

Version: 0.2.0
Check: LazyData
Result: NOTE 'LazyData' is specified without a 'data' directory Flavors: r-oldrel-macos-arm64, r-oldrel-macos-x86_64, r-oldrel-windows-x86_64