Last updated on 2025-07-17 02:49:26 CEST.
Flavor | Version | Tinstall | Tcheck | Ttotal | Status | Flags |
---|---|---|---|---|---|---|
r-devel-linux-x86_64-debian-clang | 1.6.1 | 43.41 | 142.24 | 185.65 | NOTE | |
r-devel-linux-x86_64-debian-gcc | 1.6.1 | 33.43 | 99.12 | 132.55 | NOTE | |
r-devel-linux-x86_64-fedora-clang | 1.6.1 | 286.94 | NOTE | |||
r-devel-linux-x86_64-fedora-gcc | 1.6.1 | 297.13 | NOTE | |||
r-devel-windows-x86_64 | 1.6.1 | 46.00 | 207.00 | 253.00 | NOTE | |
r-patched-linux-x86_64 | 1.6.1 | 45.71 | 136.82 | 182.53 | NOTE | |
r-release-linux-x86_64 | 1.6.1 | 46.08 | 136.64 | 182.72 | NOTE | |
r-release-macos-arm64 | 1.6.1 | 88.00 | NOTE | |||
r-release-macos-x86_64 | 1.6.1 | 182.00 | NOTE | |||
r-release-windows-x86_64 | 1.6.1 | 45.00 | 215.00 | 260.00 | NOTE | |
r-oldrel-macos-arm64 | 1.6.1 | 46.00 | NOTE | |||
r-oldrel-macos-x86_64 | 1.6.1 | 65.00 | NOTE | |||
r-oldrel-windows-x86_64 | 1.6.1 | 55.00 | 266.00 | 321.00 | NOTE |
Version: 1.6.1
Check: C++ specification
Result: NOTE
Specified C++11: please drop specification unless essential
Flavors: r-devel-linux-x86_64-debian-clang, r-devel-linux-x86_64-debian-gcc, r-devel-linux-x86_64-fedora-clang, r-devel-linux-x86_64-fedora-gcc, r-devel-windows-x86_64, r-patched-linux-x86_64, r-release-linux-x86_64, r-release-macos-arm64, r-release-macos-x86_64, r-release-windows-x86_64, r-oldrel-macos-arm64, r-oldrel-macos-x86_64, r-oldrel-windows-x86_64
Version: 1.6.1
Check: installed package size
Result: NOTE
installed size is 15.9Mb
sub-directories of 1Mb or more:
libs 15.8Mb
Flavors: r-oldrel-macos-arm64, r-oldrel-macos-x86_64