Last updated on 2025-11-13 01:50:22 CET.
| Flavor | Version | Tinstall | Tcheck | Ttotal | Status | Flags |
|---|---|---|---|---|---|---|
| r-devel-linux-x86_64-debian-clang | 0.6.2 | 259.12 | 238.75 | 497.87 | OK | |
| r-devel-linux-x86_64-debian-gcc | 0.6.2 | 183.40 | 144.94 | 328.34 | OK | |
| r-devel-linux-x86_64-fedora-clang | 0.6.2 | 600.00 | 322.00 | 922.00 | OK | |
| r-devel-linux-x86_64-fedora-gcc | 0.6.2 | 440.00 | 396.75 | 836.75 | OK | |
| r-devel-windows-x86_64 | 0.6.2 | 301.00 | 279.00 | 580.00 | OK | |
| r-patched-linux-x86_64 | 0.6.2 | 272.05 | 197.86 | 469.91 | OK | |
| r-release-linux-x86_64 | 0.6.2 | 276.58 | 200.06 | 476.64 | OK | |
| r-release-macos-arm64 | 0.6.2 | 94.00 | 164.00 | 258.00 | OK | |
| r-release-macos-x86_64 | 0.6.2 | 92.00 | 221.00 | 313.00 | OK | |
| r-release-windows-x86_64 | 0.6.2 | 298.00 | 270.00 | 568.00 | OK | |
| r-oldrel-macos-arm64 | 0.6.2 | 86.00 | 97.00 | 183.00 | NOTE | |
| r-oldrel-macos-x86_64 | 0.6.2 | 97.00 | 192.00 | 289.00 | NOTE | |
| r-oldrel-windows-x86_64 | 0.6.2 | 353.00 | 325.00 | 678.00 | OK |
Version: 0.6.2
Check: installed package size
Result: NOTE
installed size is 19.1Mb
sub-directories of 1Mb or more:
libs 16.7Mb
Flavors: r-oldrel-macos-arm64, r-oldrel-macos-x86_64