Last updated on 2025-05-05 01:50:48 CEST.
Flavor | Version | Tinstall | Tcheck | Ttotal | Status | Flags |
---|---|---|---|---|---|---|
r-devel-linux-x86_64-debian-clang | 0.2 | 364.19 | 109.59 | 473.78 | OK | |
r-devel-linux-x86_64-debian-gcc | 0.2 | 344.13 | 110.58 | 454.71 | OK | |
r-devel-linux-x86_64-fedora-clang | 0.2 | 733.57 | OK | |||
r-devel-linux-x86_64-fedora-gcc | 0.2 | 1116.67 | OK | |||
r-devel-windows-x86_64 | 0.2 | 432.00 | 157.00 | 589.00 | OK | |
r-patched-linux-x86_64 | 0.2 | 439.47 | 137.16 | 576.63 | OK | |
r-release-linux-x86_64 | 0.2 | 427.95 | 144.17 | 572.12 | OK | |
r-release-macos-arm64 | 0.2 | 187.00 | OK | |||
r-release-macos-x86_64 | 0.2 | 200.00 | OK | |||
r-release-windows-x86_64 | 0.2 | 426.00 | 154.00 | 580.00 | OK | |
r-oldrel-macos-arm64 | 0.2 | 104.00 | NOTE | |||
r-oldrel-macos-x86_64 | 0.2 | 104.00 | NOTE | |||
r-oldrel-windows-x86_64 | 0.2 | 476.00 | 197.00 | 673.00 | NOTE |
Version: 0.2
Check: installed package size
Result: NOTE
installed size is 59.8Mb
sub-directories of 1Mb or more:
libs 59.6Mb
Flavors: r-oldrel-macos-arm64, r-oldrel-macos-x86_64
Version: 0.2
Check: for GNU extensions in Makefiles
Result: NOTE
GNU make is a SystemRequirements.
Flavors: r-oldrel-macos-arm64, r-oldrel-macos-x86_64, r-oldrel-windows-x86_64