Last updated on 2025-10-25 01:51:02 CEST.
| Flavor | Version | Tinstall | Tcheck | Ttotal | Status | Flags |
|---|---|---|---|---|---|---|
| r-devel-linux-x86_64-debian-clang | 0.0.1 | 9.50 | 26.78 | 36.28 | OK | |
| r-devel-linux-x86_64-debian-gcc | 0.0.1 | 6.07 | 22.24 | 28.31 | OK | |
| r-devel-linux-x86_64-fedora-clang | 0.0.1 | 36.00 | 24.04 | 60.04 | OK | |
| r-devel-linux-x86_64-fedora-gcc | 0.0.1 | 24.00 | 26.12 | 50.12 | OK | |
| r-devel-windows-x86_64 | 0.0.1 | 12.00 | 57.00 | 69.00 | OK | |
| r-patched-linux-x86_64 | 0.0.1 | 8.60 | 25.07 | 33.67 | OK | |
| r-release-linux-x86_64 | 0.0.1 | 8.89 | 24.55 | 33.44 | OK | |
| r-release-macos-arm64 | 0.0.1 | 5.00 | 18.00 | 23.00 | OK | |
| r-release-macos-x86_64 | 0.0.1 | 8.00 | 24.00 | 32.00 | OK | |
| r-release-windows-x86_64 | 0.0.1 | 13.00 | 62.00 | 75.00 | OK | |
| r-oldrel-macos-arm64 | 0.0.1 | 5.00 | 16.00 | 21.00 | NOTE | |
| r-oldrel-macos-x86_64 | 0.0.1 | 7.00 | 21.00 | 28.00 | NOTE | |
| r-oldrel-windows-x86_64 | 0.0.1 | 12.00 | 68.00 | 80.00 | NOTE |
Version: 0.0.1
Check: LazyData
Result: NOTE
'LazyData' is specified without a 'data' directory
Flavors: r-oldrel-macos-arm64, r-oldrel-macos-x86_64, r-oldrel-windows-x86_64