Last updated on 2025-10-05 01:48:31 CEST.
Flavor | Version | Tinstall | Tcheck | Ttotal | Status | Flags |
---|---|---|---|---|---|---|
r-devel-linux-x86_64-debian-clang | 1.0.2 | 4.58 | 41.06 | 45.64 | NOTE | |
r-devel-linux-x86_64-debian-gcc | 1.0.2 | 3.65 | 31.21 | 34.86 | NOTE | |
r-devel-linux-x86_64-fedora-clang | 1.0.2 | 62.90 | OK | |||
r-devel-linux-x86_64-fedora-gcc | 1.0.2 | 58.78 | OK | |||
r-devel-windows-x86_64 | 1.0.2 | 6.00 | 55.00 | 61.00 | OK | |
r-patched-linux-x86_64 | 1.0.2 | 3.38 | 37.22 | 40.60 | OK | |
r-release-linux-x86_64 | 1.0.2 | 4.18 | 37.54 | 41.72 | OK | |
r-release-macos-arm64 | 1.0.2 | 40.00 | OK | |||
r-release-macos-x86_64 | 1.0.2 | 50.00 | OK | |||
r-release-windows-x86_64 | 1.0.2 | 6.00 | 55.00 | 61.00 | OK | |
r-oldrel-macos-arm64 | 1.0.2 | 25.00 | OK | |||
r-oldrel-macos-x86_64 | 1.0.2 | 38.00 | OK | |||
r-oldrel-windows-x86_64 | 1.0.2 | 7.00 | 64.00 | 71.00 | OK |
Version: 1.0.2
Check: CRAN incoming feasibility
Result: NOTE
Maintainer: ‘Chris Muir <cdmuir@hawaii.edu>’
Package CITATION file contains call(s) to old-style citEntry(). Please
use bibentry() instead.
Flavors: r-devel-linux-x86_64-debian-clang, r-devel-linux-x86_64-debian-gcc