Last updated on 2025-11-19 01:48:50 CET.
| Flavor | Version | Tinstall | Tcheck | Ttotal | Status | Flags |
|---|---|---|---|---|---|---|
| r-devel-linux-x86_64-debian-clang | 1.0.0.3 | 2.04 | 30.17 | 32.21 | NOTE | |
| r-devel-linux-x86_64-debian-gcc | 1.0.0.3 | 1.73 | 22.79 | 24.52 | NOTE | |
| r-devel-linux-x86_64-fedora-clang | 1.0.0.3 | 46.28 | OK | |||
| r-devel-linux-x86_64-fedora-gcc | 1.0.0.3 | 42.87 | OK | |||
| r-devel-windows-x86_64 | 1.0.0.3 | 3.00 | 49.00 | 52.00 | OK | |
| r-patched-linux-x86_64 | 1.0.0.3 | 1.92 | 27.55 | 29.47 | OK | |
| r-release-linux-x86_64 | 1.0.0.3 | 2.12 | 27.51 | 29.63 | OK | |
| r-release-macos-arm64 | 1.0.0.3 | 1.00 | 19.00 | 20.00 | OK | |
| r-release-macos-x86_64 | 1.0.0.3 | 2.00 | 31.00 | 33.00 | OK | |
| r-release-windows-x86_64 | 1.0.0.3 | 4.00 | 48.00 | 52.00 | OK | |
| r-oldrel-macos-arm64 | 1.0.0.3 | 1.00 | 17.00 | 18.00 | OK | |
| r-oldrel-macos-x86_64 | 1.0.0.3 | 2.00 | 23.00 | 25.00 | OK | |
| r-oldrel-windows-x86_64 | 1.0.0.3 | 3.00 | 49.00 | 52.00 | OK |
Version: 1.0.0.3
Check: CRAN incoming feasibility
Result: NOTE
Maintainer: ‘Elizabeth Slate <slate@stat.fsu.edu>’
No Authors@R field in DESCRIPTION.
Please add one, modifying
Authors@R: c(person(given = c("Edsel", "A."),
family = "Pena",
role = "aut",
email = "pena@stat.sc.edu"),
person(given = c("Elizabeth", "H."),
family = "Slate",
role = "aut",
email = "eslate@fsu.edu"),
person(given = "Elizabeth",
family = "Slate",
role = "cre",
email = "slate@stat.fsu.edu"))
as necessary.
Flavors: r-devel-linux-x86_64-debian-clang, r-devel-linux-x86_64-debian-gcc