Last updated on 2024-07-27 01:53:13 CEST.
Flavor | Version | Tinstall | Tcheck | Ttotal | Status | Flags |
---|---|---|---|---|---|---|
r-devel-linux-x86_64-debian-clang | 1.0.5 | 45.13 | 359.12 | 404.25 | OK | |
r-devel-linux-x86_64-debian-gcc | 1.0.5 | 34.44 | 252.05 | 286.49 | NOTE | |
r-devel-linux-x86_64-fedora-clang | 1.0.5 | 493.60 | OK | |||
r-devel-linux-x86_64-fedora-gcc | 1.0.5 | 467.37 | OK | |||
r-devel-windows-x86_64 | 1.0.5 | 37.00 | 225.00 | 262.00 | NOTE | |
r-patched-linux-x86_64 | 1.0.5 | OK | ||||
r-release-linux-x86_64 | 1.0.5 | 46.90 | 336.43 | 383.33 | OK | |
r-release-macos-arm64 | 1.0.5 | 118.00 | OK | |||
r-release-macos-x86_64 | 1.0.5 | 189.00 | OK | |||
r-release-windows-x86_64 | 1.0.5 | 41.00 | 223.00 | 264.00 | OK | |
r-oldrel-macos-arm64 | 1.0.5 | 131.00 | OK | |||
r-oldrel-macos-x86_64 | 1.0.5 | 224.00 | OK | |||
r-oldrel-windows-x86_64 | 1.0.5 | 47.00 | 293.00 | 340.00 | OK |
Version: 1.0.5
Check: Rd cross-references
Result: NOTE
Found the following Rd file(s) with Rd \link{} targets missing package
anchors:
habCluster-package.Rd: raster, Rcpp, igraph
Please provide package anchors for all Rd \link{} targets not in the
package itself and the base packages.
Flavors: r-devel-linux-x86_64-debian-gcc, r-devel-windows-x86_64