CRAN Package Check Results for Package halfcircle

Last updated on 2025-11-20 02:49:16 CET.

Flavor Version Tinstall Tcheck Ttotal Status Flags
r-devel-linux-x86_64-debian-clang 0.1.0 3.44 36.82 40.26 NOTE
r-devel-linux-x86_64-debian-gcc 0.1.0 2.56 27.88 30.44 NOTE
r-devel-linux-x86_64-fedora-clang 0.1.0 59.19 OK
r-devel-linux-x86_64-fedora-gcc 0.1.0 56.60 OK
r-devel-windows-x86_64 0.1.0 5.00 52.00 57.00 OK
r-patched-linux-x86_64 0.1.0 3.35 34.30 37.65 OK
r-release-linux-x86_64 0.1.0 3.74 34.65 38.39 OK
r-release-macos-arm64 0.1.0 OK
r-release-macos-x86_64 0.1.0 3.00 30.00 33.00 OK
r-release-windows-x86_64 0.1.0 5.00 51.00 56.00 OK
r-oldrel-macos-arm64 0.1.0 OK
r-oldrel-macos-x86_64 0.1.0 2.00 27.00 29.00 OK
r-oldrel-windows-x86_64 0.1.0 7.00 63.00 70.00 OK

Check Details

Version: 0.1.0
Check: CRAN incoming feasibility
Result: NOTE Maintainer: ‘Sohyun Park <park.2627@osu.edu>’ No Authors@R field in DESCRIPTION. Please add one, modifying Authors@R: c(person(given = "Sohyun", family = "Park", role = c("aut", "cre"), email = "park.2627@osu.edu"), person(given = "Ningchuan", family = "Xiao", role = "aut")) as necessary. Flavors: r-devel-linux-x86_64-debian-clang, r-devel-linux-x86_64-debian-gcc