Last updated on 2025-05-08 01:51:04 CEST.
Flavor | Version | Tinstall | Tcheck | Ttotal | Status | Flags |
---|---|---|---|---|---|---|
r-devel-linux-x86_64-debian-clang | 1.1.3 | 1.84 | 18.78 | 20.62 | NOTE | |
r-devel-linux-x86_64-debian-gcc | 1.1.3 | 1.55 | 15.21 | 16.76 | NOTE | |
r-devel-linux-x86_64-fedora-clang | 1.1.3 | 32.38 | OK | |||
r-devel-linux-x86_64-fedora-gcc | 1.1.3 | 30.62 | OK | |||
r-devel-windows-x86_64 | 1.1.3 | 3.00 | 40.00 | 43.00 | OK | |
r-patched-linux-x86_64 | 1.1.3 | 1.93 | 18.26 | 20.19 | OK | |
r-release-linux-x86_64 | 1.1.3 | 1.81 | 17.68 | 19.49 | OK | |
r-release-macos-arm64 | 1.1.3 | 15.00 | OK | |||
r-release-macos-x86_64 | 1.1.3 | 25.00 | OK | |||
r-release-windows-x86_64 | 1.1.3 | 4.00 | 45.00 | 49.00 | OK | |
r-oldrel-macos-arm64 | 1.1.3 | 13.00 | OK | |||
r-oldrel-macos-x86_64 | 1.1.3 | 21.00 | OK | |||
r-oldrel-windows-x86_64 | 1.1.3 | 3.00 | 40.00 | 43.00 | OK |
Version: 1.1.3
Check: CRAN incoming feasibility
Result: NOTE
Maintainer: ‘Jonathan Schwartz <jzs1986@gmail.com>’
No Authors@R field in DESCRIPTION.
Please add one, modifying
Authors@R: person(given = "Jonathan",
family = "Schwartz",
role = c("aut", "cre"),
email = "jzs1986@gmail.com")
as necessary.
Flavors: r-devel-linux-x86_64-debian-clang, r-devel-linux-x86_64-debian-gcc