Last updated on 2025-05-07 01:49:59 CEST.
Flavor | Version | Tinstall | Tcheck | Ttotal | Status | Flags |
---|---|---|---|---|---|---|
r-devel-linux-x86_64-debian-clang | 0.2.0 | 3.86 | 19.91 | 23.77 | OK | |
r-devel-linux-x86_64-debian-gcc | 0.2.0 | 3.54 | 16.89 | 20.43 | OK | |
r-devel-linux-x86_64-fedora-clang | 0.2.0 | 35.43 | OK | |||
r-devel-linux-x86_64-fedora-gcc | 0.2.0 | 34.49 | OK | |||
r-devel-windows-x86_64 | 0.2.0 | 6.00 | 37.00 | 43.00 | OK | |
r-patched-linux-x86_64 | 0.2.0 | 4.00 | 18.31 | 22.31 | OK | |
r-release-linux-x86_64 | 0.2.0 | 3.98 | 18.06 | 22.04 | OK | |
r-release-macos-arm64 | 0.2.0 | 18.00 | OK | |||
r-release-macos-x86_64 | 0.2.0 | 33.00 | OK | |||
r-release-windows-x86_64 | 0.2.0 | 5.00 | 42.00 | 47.00 | OK | |
r-oldrel-macos-arm64 | 0.2.0 | 17.00 | OK | |||
r-oldrel-macos-x86_64 | 0.2.0 | 32.00 | NOTE | |||
r-oldrel-windows-x86_64 | 0.2.0 | 6.00 | 37.00 | 43.00 | OK |
Version: 0.2.0
Check: installed package size
Result: NOTE
installed size is 5.3Mb
sub-directories of 1Mb or more:
data 4.5Mb
Flavor: r-oldrel-macos-x86_64