Last updated on 2024-07-27 01:53:13 CEST.
Flavor | Version | Tinstall | Tcheck | Ttotal | Status | Flags |
---|---|---|---|---|---|---|
r-devel-linux-x86_64-debian-clang | 0.1-9 | 9.64 | 207.44 | 217.08 | NOTE | |
r-devel-linux-x86_64-debian-gcc | 0.1-9 | 8.81 | 146.81 | 155.62 | NOTE | |
r-devel-linux-x86_64-fedora-clang | 0.1-9 | 257.52 | NOTE | |||
r-devel-linux-x86_64-fedora-gcc | 0.1-9 | 244.24 | NOTE | |||
r-devel-windows-x86_64 | 0.1-9 | 10.00 | 164.00 | 174.00 | NOTE | |
r-patched-linux-x86_64 | 0.1-9 | NOTE | ||||
r-release-linux-x86_64 | 0.1-9 | 10.37 | 191.26 | 201.63 | NOTE | |
r-release-macos-arm64 | 0.1-9 | 68.00 | NOTE | |||
r-release-macos-x86_64 | 0.1-9 | 109.00 | NOTE | |||
r-release-windows-x86_64 | 0.1-9 | 10.00 | 162.00 | 172.00 | NOTE | |
r-oldrel-macos-arm64 | 0.1-9 | 79.00 | OK | |||
r-oldrel-macos-x86_64 | 0.1-9 | 135.00 | OK | |||
r-oldrel-windows-x86_64 | 0.1-9 | 13.00 | 206.00 | 219.00 | OK |
Version: 0.1-9
Check: Rd files
Result: NOTE
checkRd: (-1) lasso.proj.Rd:62: Lost braces; missing escapes or markup?
62 | indicated using an index vector with entries in {1,...,p} or a list thereof.}
| ^
Flavors: r-devel-linux-x86_64-debian-clang, r-devel-linux-x86_64-debian-gcc, r-devel-linux-x86_64-fedora-clang, r-devel-linux-x86_64-fedora-gcc, r-devel-windows-x86_64, r-patched-linux-x86_64, r-release-linux-x86_64, r-release-macos-arm64, r-release-macos-x86_64, r-release-windows-x86_64
Version: 0.1-9
Check: Rd cross-references
Result: NOTE
Found the following Rd file(s) with Rd \link{} targets missing package
anchors:
lasso.cv.Rd: cv.glmnet
lasso.firstq.Rd: glmnet
Please provide package anchors for all Rd \link{} targets not in the
package itself and the base packages.
Flavors: r-devel-linux-x86_64-debian-gcc, r-devel-windows-x86_64