CRAN Package Check Results for Package healthfinance

Last updated on 2025-05-24 01:51:23 CEST.

Flavor Version Tinstall Tcheck Ttotal Status Flags
r-devel-linux-x86_64-debian-clang 0.1.0 7.21 60.91 68.12 OK
r-devel-linux-x86_64-debian-gcc 0.1.0 5.00 43.16 48.16 OK
r-devel-linux-x86_64-fedora-clang 0.1.0 105.30 OK
r-devel-linux-x86_64-fedora-gcc 0.1.0 100.34 OK
r-devel-windows-x86_64 0.1.0 10.00 72.00 82.00 OK
r-patched-linux-x86_64 0.1.0 6.92 56.60 63.52 OK
r-release-linux-x86_64 0.1.0 6.50 56.15 62.65 OK
r-release-macos-arm64 0.1.0 29.00 OK
r-release-macos-x86_64 0.1.0 63.00 OK
r-release-windows-x86_64 0.1.0 10.00 70.00 80.00 OK
r-oldrel-macos-arm64 0.1.0 30.00 NOTE
r-oldrel-macos-x86_64 0.1.0 63.00 NOTE
r-oldrel-windows-x86_64 0.1.0 10.00 82.00 92.00 NOTE

Check Details

Version: 0.1.0
Check: LazyData
Result: NOTE 'LazyData' is specified without a 'data' directory Flavors: r-oldrel-macos-arm64, r-oldrel-macos-x86_64, r-oldrel-windows-x86_64