Last updated on 2024-07-27 01:53:13 CEST.
Flavor | Version | Tinstall | Tcheck | Ttotal | Status | Flags |
---|---|---|---|---|---|---|
r-devel-linux-x86_64-debian-clang | 0.2.2 | 12.18 | 106.07 | 118.25 | OK | |
r-devel-linux-x86_64-debian-gcc | 0.2.2 | 9.99 | 82.30 | 92.29 | OK | |
r-devel-linux-x86_64-fedora-clang | 0.2.2 | 157.00 | NOTE | |||
r-devel-linux-x86_64-fedora-gcc | 0.2.2 | 153.77 | OK | |||
r-devel-windows-x86_64 | 0.2.2 | 12.00 | 104.00 | 116.00 | NOTE | |
r-patched-linux-x86_64 | 0.2.2 | OK | ||||
r-release-linux-x86_64 | 0.2.2 | 7.70 | 105.49 | 113.19 | OK | |
r-release-macos-arm64 | 0.2.2 | 63.00 | NOTE | |||
r-release-macos-x86_64 | 0.2.2 | 158.00 | NOTE | |||
r-release-windows-x86_64 | 0.2.2 | 13.00 | 102.00 | 115.00 | NOTE | |
r-oldrel-macos-arm64 | 0.2.2 | 79.00 | NOTE | |||
r-oldrel-macos-x86_64 | 0.2.2 | 137.00 | NOTE | |||
r-oldrel-windows-x86_64 | 0.2.2 | 17.00 | 121.00 | 138.00 | NOTE |
Version: 0.2.2
Check: installed package size
Result: NOTE
installed size is 5.5Mb
sub-directories of 1Mb or more:
data 1.4Mb
doc 3.8Mb
Flavors: r-devel-linux-x86_64-fedora-clang, r-devel-windows-x86_64, r-release-macos-arm64, r-release-macos-x86_64, r-release-windows-x86_64, r-oldrel-macos-arm64, r-oldrel-macos-x86_64, r-oldrel-windows-x86_64